{"id":443,"date":"2021-07-12T15:37:14","date_gmt":"2021-07-12T13:37:14","guid":{"rendered":"https:\/\/afdetoccitaniemp.fr\/?page_id=443"},"modified":"2022-02-15T16:26:48","modified_gmt":"2022-02-15T15:26:48","slug":"salons","status":"publish","type":"page","link":"https:\/\/afdetoccitaniemp.fr\/?page_id=443","title":{"rendered":"Salons"},"content":{"rendered":"\n<h2 class=\"has-normal-font-size wp-block-heading\" id=\"salon-virtuel-des-formations-et-des-metiers-de-l-aeronautique\">Salon virtuel des formations et des m\u00e9tiers de l&rsquo;a\u00e9ronautique<\/h2>\n\n\n<p><img loading=\"lazy\" decoding=\"async\" class=\"size-medium wp-image-444 alignleft\" src=\"https:\/\/afdetoccitaniemp.fr\/wp-content\/uploads\/2021\/07\/Capture-affiche-VSFMA-211x300.jpg\" alt=\"\" width=\"211\" height=\"300\" srcset=\"https:\/\/afdetoccitaniemp.fr\/wp-content\/uploads\/2021\/07\/Capture-affiche-VSFMA-211x300.jpg 211w, https:\/\/afdetoccitaniemp.fr\/wp-content\/uploads\/2021\/07\/Capture-affiche-VSFMA.jpg 599w\" sizes=\"auto, (max-width: 211px) 100vw, 211px\" \/>La deuxi\u00e8me \u00e9dition du <strong>Salon des Formations et des M\u00e9tiers de l\u2019A\u00e9ronautique<\/strong>, organis\u00e9e par le magazine Aviation et Pilote devait se tenir au mus\u00e9e A\u00e9roscopia de TOULOUSE-BLAGNAC du <strong>11 au 13 septembre 2020<\/strong>. Conscients que la situation sanitaire limitait les rassemblements physiques, les organisateurs ont d\u00e9cid\u00e9 de la remplacer par un salon virtuel accessible en ligne les 9 et 10 octobre. L\u2019AFDET OCCITANIE Midi-Pyr\u00e9n\u00e9es, partenaire du Campus des m\u00e9tiers de l\u2019A\u00e9ronautique et du spatial de BLAGNAC, y participa en tenant un stand virtuel.<\/p>\n\n\n<h2 class=\"wp-block-heading\" id=\"portes-ouvertes-au-lycee-airbus\">Portes ouvertes au lyc\u00e9e Airbus<\/h2>\n\n\n\n<p>Les \u00e9quipes du lyc\u00e9e AIRBUS accueilleront le public le samedi 19 mars 2022 de 8h00 \u00e0 12h30 dans leurs locaux de l&rsquo;usine Saint-Eloi, 57, chemin du Sang de Serp, \u00e0 TOULOUSE.<\/p>\n\n\n\n<div class=\"wp-block-file\"><a id=\"wp-block-file--media-4c26c053-6390-401d-8655-02d92901b1ba\" href=\"https:\/\/afdetoccitaniemp.fr\/wp-content\/uploads\/2022\/02\/fiche-actualite-AFDET-OMP-Lycee-Airbus.docx\">fiche portes ouvertes Lyc\u00e9e-Airbus<\/a><a href=\"https:\/\/afdetoccitaniemp.fr\/wp-content\/uploads\/2022\/02\/fiche-actualite-AFDET-OMP-Lycee-Airbus.docx\" class=\"wp-block-file__button\" download aria-describedby=\"wp-block-file--media-4c26c053-6390-401d-8655-02d92901b1ba\">T\u00e9l\u00e9charger<\/a><\/div>\n\n\n\n<p><\/p>\n","protected":false},"excerpt":{"rendered":"<p>Salon virtuel des formations et des m\u00e9tiers de l&rsquo;a\u00e9ronautique La deuxi\u00e8me \u00e9dition du Salon des Formations et des M\u00e9tiers de l\u2019A\u00e9ronautique, organis\u00e9e par le magazine Aviation et Pilote devait se <a class=\"more-link\" href=\"https:\/\/afdetoccitaniemp.fr\/?page_id=443\">Continue Reading &rarr;<\/a><\/p>\n","protected":false},"author":1,"featured_media":0,"parent":93,"menu_order":1,"comment_status":"closed","ping_status":"closed","template":"","meta":{"footnotes":""},"class_list":["post-443","page","type-page","status-publish","hentry"],"_links":{"self":[{"href":"https:\/\/afdetoccitaniemp.fr\/index.php?rest_route=\/wp\/v2\/pages\/443","targetHints":{"allow":["GET"]}}],"collection":[{"href":"https:\/\/afdetoccitaniemp.fr\/index.php?rest_route=\/wp\/v2\/pages"}],"about":[{"href":"https:\/\/afdetoccitaniemp.fr\/index.php?rest_route=\/wp\/v2\/types\/page"}],"author":[{"embeddable":true,"href":"https:\/\/afdetoccitaniemp.fr\/index.php?rest_route=\/wp\/v2\/users\/1"}],"replies":[{"embeddable":true,"href":"https:\/\/afdetoccitaniemp.fr\/index.php?rest_route=%2Fwp%2Fv2%2Fcomments&post=443"}],"version-history":[{"count":4,"href":"https:\/\/afdetoccitaniemp.fr\/index.php?rest_route=\/wp\/v2\/pages\/443\/revisions"}],"predecessor-version":[{"id":923,"href":"https:\/\/afdetoccitaniemp.fr\/index.php?rest_route=\/wp\/v2\/pages\/443\/revisions\/923"}],"up":[{"embeddable":true,"href":"https:\/\/afdetoccitaniemp.fr\/index.php?rest_route=\/wp\/v2\/pages\/93"}],"wp:attachment":[{"href":"https:\/\/afdetoccitaniemp.fr\/index.php?rest_route=%2Fwp%2Fv2%2Fmedia&parent=443"}],"curies":[{"name":"wp","href":"https:\/\/api.w.org\/{rel}","templated":true}]}}