{"id":361,"date":"2021-07-10T17:37:32","date_gmt":"2021-07-10T15:37:32","guid":{"rendered":"https:\/\/afdetoccitaniemp.fr\/?page_id=361"},"modified":"2024-02-13T11:38:05","modified_gmt":"2024-02-13T10:38:05","slug":"horizon-metiers","status":"publish","type":"page","link":"https:\/\/afdetoccitaniemp.fr\/?page_id=361","title":{"rendered":"Horizon m\u00e9tiers"},"content":{"rendered":"\n<div class=\"wp-block-media-text alignwide has-media-on-the-right is-stacked-on-mobile\" style=\"grid-template-columns:auto 25%\"><div class=\"wp-block-media-text__content\">\n<p>Les animateurs m\u00e9tiers de l\u2019AFDET Occitanie Midi-Pyr\u00e9n\u00e9es, des professionnels de l&rsquo;industrie, interviennent \u00e0 la demande des \u00e9tablissements scolaires, en lien avec les \u00e9quipes p\u00e9dagogiques au sein du groupe classe. Leur prestation, d\u2019une dur\u00e9e de 2h, est organis\u00e9e pour r\u00e9pondre aux attentes des coll\u00e9giens et des lyc\u00e9ens en mati\u00e8re d&rsquo;orientation et de construction de leur parcours de formation.<\/p>\n<\/div><figure class=\"wp-block-media-text__media\"><img loading=\"lazy\" decoding=\"async\" width=\"737\" height=\"1024\" src=\"https:\/\/afdetoccitaniemp.fr\/wp-content\/uploads\/2023\/12\/IMG_8351-2r-737x1024.jpg\" alt=\"\" class=\"wp-image-4341 size-full\" srcset=\"https:\/\/afdetoccitaniemp.fr\/wp-content\/uploads\/2023\/12\/IMG_8351-2r-737x1024.jpg 737w, https:\/\/afdetoccitaniemp.fr\/wp-content\/uploads\/2023\/12\/IMG_8351-2r-216x300.jpg 216w, https:\/\/afdetoccitaniemp.fr\/wp-content\/uploads\/2023\/12\/IMG_8351-2r-768x1067.jpg 768w, https:\/\/afdetoccitaniemp.fr\/wp-content\/uploads\/2023\/12\/IMG_8351-2r-1106x1536.jpg 1106w, https:\/\/afdetoccitaniemp.fr\/wp-content\/uploads\/2023\/12\/IMG_8351-2r-1474x2048.jpg 1474w, https:\/\/afdetoccitaniemp.fr\/wp-content\/uploads\/2023\/12\/IMG_8351-2r-scaled.jpg 1843w\" sizes=\"auto, (max-width: 737px) 100vw, 737px\" \/><\/figure><\/div>\n\n\n<div class=\"wp-block-image\">\n<figure class=\"aligncenter size-large\"><img loading=\"lazy\" decoding=\"async\" width=\"873\" height=\"506\" src=\"https:\/\/afdetoccitaniemp.fr\/wp-content\/uploads\/2021\/07\/Capture-HM-3.jpg\" alt=\"\" class=\"wp-image-608\" srcset=\"https:\/\/afdetoccitaniemp.fr\/wp-content\/uploads\/2021\/07\/Capture-HM-3.jpg 873w, https:\/\/afdetoccitaniemp.fr\/wp-content\/uploads\/2021\/07\/Capture-HM-3-300x174.jpg 300w, https:\/\/afdetoccitaniemp.fr\/wp-content\/uploads\/2021\/07\/Capture-HM-3-768x445.jpg 768w\" sizes=\"auto, (max-width: 873px) 100vw, 873px\" \/><figcaption class=\"wp-element-caption\">Des professionnels parlent de leur m\u00e9tier<\/figcaption><\/figure>\n<\/div>\n\n\n<figure class=\"wp-block-image size-large is-style-default\"><img loading=\"lazy\" decoding=\"async\" width=\"1024\" height=\"401\" src=\"https:\/\/afdetoccitaniemp.fr\/wp-content\/uploads\/2023\/12\/20231213_114939-r-1024x401.jpg\" alt=\"\" class=\"wp-image-4329\" srcset=\"https:\/\/afdetoccitaniemp.fr\/wp-content\/uploads\/2023\/12\/20231213_114939-r-1024x401.jpg 1024w, https:\/\/afdetoccitaniemp.fr\/wp-content\/uploads\/2023\/12\/20231213_114939-r-300x118.jpg 300w, https:\/\/afdetoccitaniemp.fr\/wp-content\/uploads\/2023\/12\/20231213_114939-r-768x301.jpg 768w, https:\/\/afdetoccitaniemp.fr\/wp-content\/uploads\/2023\/12\/20231213_114939-r-1536x602.jpg 1536w, https:\/\/afdetoccitaniemp.fr\/wp-content\/uploads\/2023\/12\/20231213_114939-r-2048x803.jpg 2048w\" sizes=\"auto, (max-width: 1024px) 100vw, 1024px\" \/><\/figure>\n\n\n\n<p>Elle est destin\u00e9e \u00e0 faire d\u00e9couvrir les m\u00e9tiers de tous secteurs professionnels (industrie, b\u00e2timents et Travaux publics, services\u2026). La demande est \u00e0 pr\u00e9ciser aupr\u00e8s du contact AFDET OCCITANIE Midi-Pyr\u00e9n\u00e9es. Les points d\u2019appui de l\u2019intervention :<\/p>\n\n\n\n<figure class=\"wp-block-image size-large is-style-default\"><img loading=\"lazy\" decoding=\"async\" width=\"1024\" height=\"407\" src=\"https:\/\/afdetoccitaniemp.fr\/wp-content\/uploads\/2023\/11\/IMG_20231124_141847rf-1024x407.jpg\" alt=\"\" class=\"wp-image-4118\" srcset=\"https:\/\/afdetoccitaniemp.fr\/wp-content\/uploads\/2023\/11\/IMG_20231124_141847rf-1024x407.jpg 1024w, https:\/\/afdetoccitaniemp.fr\/wp-content\/uploads\/2023\/11\/IMG_20231124_141847rf-300x119.jpg 300w, https:\/\/afdetoccitaniemp.fr\/wp-content\/uploads\/2023\/11\/IMG_20231124_141847rf-768x305.jpg 768w, https:\/\/afdetoccitaniemp.fr\/wp-content\/uploads\/2023\/11\/IMG_20231124_141847rf-1536x611.jpg 1536w, https:\/\/afdetoccitaniemp.fr\/wp-content\/uploads\/2023\/11\/IMG_20231124_141847rf-2048x814.jpg 2048w\" sizes=\"auto, (max-width: 1024px) 100vw, 1024px\" \/><\/figure>\n\n\n\n<figure class=\"wp-block-image size-large is-style-default\"><img loading=\"lazy\" decoding=\"async\" width=\"1024\" height=\"502\" src=\"https:\/\/afdetoccitaniemp.fr\/wp-content\/uploads\/2024\/02\/IMG20240208084516_01-r-1024x502.jpg\" alt=\"\" class=\"wp-image-4491\" srcset=\"https:\/\/afdetoccitaniemp.fr\/wp-content\/uploads\/2024\/02\/IMG20240208084516_01-r-1024x502.jpg 1024w, https:\/\/afdetoccitaniemp.fr\/wp-content\/uploads\/2024\/02\/IMG20240208084516_01-r-300x147.jpg 300w, https:\/\/afdetoccitaniemp.fr\/wp-content\/uploads\/2024\/02\/IMG20240208084516_01-r-768x376.jpg 768w, https:\/\/afdetoccitaniemp.fr\/wp-content\/uploads\/2024\/02\/IMG20240208084516_01-r-1536x752.jpg 1536w, https:\/\/afdetoccitaniemp.fr\/wp-content\/uploads\/2024\/02\/IMG20240208084516_01-r-2048x1003.jpg 2048w\" sizes=\"auto, (max-width: 1024px) 100vw, 1024px\" \/><\/figure>\n\n\n\n<figure class=\"wp-block-image size-large is-style-default\"><img loading=\"lazy\" decoding=\"async\" width=\"1024\" height=\"380\" src=\"https:\/\/afdetoccitaniemp.fr\/wp-content\/uploads\/2024\/01\/20240118_154017-r-1024x380.jpg\" alt=\"\" class=\"wp-image-4435\" srcset=\"https:\/\/afdetoccitaniemp.fr\/wp-content\/uploads\/2024\/01\/20240118_154017-r-1024x380.jpg 1024w, https:\/\/afdetoccitaniemp.fr\/wp-content\/uploads\/2024\/01\/20240118_154017-r-300x111.jpg 300w, https:\/\/afdetoccitaniemp.fr\/wp-content\/uploads\/2024\/01\/20240118_154017-r-768x285.jpg 768w, https:\/\/afdetoccitaniemp.fr\/wp-content\/uploads\/2024\/01\/20240118_154017-r-1536x570.jpg 1536w, https:\/\/afdetoccitaniemp.fr\/wp-content\/uploads\/2024\/01\/20240118_154017-r-2048x760.jpg 2048w\" sizes=\"auto, (max-width: 1024px) 100vw, 1024px\" \/><\/figure>\n\n\n\n<ul class=\"wp-block-list\">\n<li>T\u00e9moignages de professionnels des m\u00e9tiers et d\u2019acteurs de la vie \u00e9conomique : chefs d\u2019entreprise, ing\u00e9nieurs, ressources humaines\u2026<\/li>\n\n\n\n<li>D\u00e9couverte progressive de l\u2019entreprise et de ses m\u00e9tiers (interaction facilit\u00e9e par l\u2019utilisation d\u2019outils num\u00e9riques et de clips \u00abvid\u00e9o m\u00e9tiers\u00bb).<\/li>\n\n\n\n<li>Echanges avec les \u00e9l\u00e8ves portant des demandes pr\u00e9cises d\u2019information sur le monde \u00e9conomique,l\u2019emploi, les m\u00e9tiers qui recrutent, les m\u00e9tiers en tension, les parcours de formation associ\u00e9s \u00ab\u00a0M\u00e9tiers\/formation\/emploi\u00a0\u00bb.<\/li>\n<\/ul>\n\n\n\n<figure class=\"wp-block-image size-large is-style-default\"><img loading=\"lazy\" decoding=\"async\" width=\"1024\" height=\"453\" src=\"https:\/\/afdetoccitaniemp.fr\/wp-content\/uploads\/2024\/01\/IMG_20240115_1146471fr-1024x453.jpg\" alt=\"\" class=\"wp-image-4413\" srcset=\"https:\/\/afdetoccitaniemp.fr\/wp-content\/uploads\/2024\/01\/IMG_20240115_1146471fr-1024x453.jpg 1024w, https:\/\/afdetoccitaniemp.fr\/wp-content\/uploads\/2024\/01\/IMG_20240115_1146471fr-300x133.jpg 300w, https:\/\/afdetoccitaniemp.fr\/wp-content\/uploads\/2024\/01\/IMG_20240115_1146471fr-768x340.jpg 768w, https:\/\/afdetoccitaniemp.fr\/wp-content\/uploads\/2024\/01\/IMG_20240115_1146471fr-1536x679.jpg 1536w, https:\/\/afdetoccitaniemp.fr\/wp-content\/uploads\/2024\/01\/IMG_20240115_1146471fr-2048x906.jpg 2048w\" sizes=\"auto, (max-width: 1024px) 100vw, 1024px\" \/><\/figure>\n\n\n\n<figure class=\"wp-block-image size-large\"><img loading=\"lazy\" decoding=\"async\" width=\"1024\" height=\"769\" src=\"https:\/\/afdetoccitaniemp.fr\/wp-content\/uploads\/2021\/07\/Capture-HM-1-1024x769.jpg\" alt=\"\" class=\"wp-image-364\" srcset=\"https:\/\/afdetoccitaniemp.fr\/wp-content\/uploads\/2021\/07\/Capture-HM-1-1024x769.jpg 1024w, https:\/\/afdetoccitaniemp.fr\/wp-content\/uploads\/2021\/07\/Capture-HM-1-300x225.jpg 300w, https:\/\/afdetoccitaniemp.fr\/wp-content\/uploads\/2021\/07\/Capture-HM-1-768x577.jpg 768w, https:\/\/afdetoccitaniemp.fr\/wp-content\/uploads\/2021\/07\/Capture-HM-1.jpg 1096w\" sizes=\"auto, (max-width: 1024px) 100vw, 1024px\" \/><\/figure>\n\n\n\n<div class=\"wp-block-media-text alignwide is-stacked-on-mobile\" style=\"grid-template-columns:15% auto\"><figure class=\"wp-block-media-text__media\"><img loading=\"lazy\" decoding=\"async\" width=\"140\" height=\"140\" src=\"https:\/\/afdetoccitaniemp.fr\/wp-content\/uploads\/2021\/07\/Capture-logo-region-Occitanie-140x140-1.jpg\" alt=\"\" class=\"wp-image-386 size-full\"\/><\/figure><div class=\"wp-block-media-text__content\">\n<p class=\"has-normal-font-size\">Cette action est financ\u00e9e par la r\u00e9gion OCCITANIE Pyr\u00e9n\u00e9es-M\u00e9diterran\u00e9e.<\/p>\n\n\n\n<p>Coll\u00e9gien.ne.s, lyc\u00e9en.ne.s, \u00e9tudiant.e.s, apprenti.e.s, n&rsquo;h\u00e9sitez pas \u00e0 consulter le site de la formation et de l&rsquo;orientation en OCCITANIE : <a href=\"https:\/\/meformerenregion.fr\" target=\"_blank\" rel=\"noreferrer noopener\">https:\/\/meformerenregion.fr<\/a><\/p>\n\n\n\n<div class=\"wp-block-file\"><a id=\"wp-block-file--media-ff6f0d4b-278c-4aa5-ae79-fb94608e891a\" href=\"https:\/\/afdetoccitaniemp.fr\/wp-content\/uploads\/2024\/01\/Catalogue-infometiers-2023-2024-Web.pdf\">Catalogue-infometiers-2023-2024-Web<\/a><a href=\"https:\/\/afdetoccitaniemp.fr\/wp-content\/uploads\/2024\/01\/Catalogue-infometiers-2023-2024-Web.pdf\" class=\"wp-block-file__button wp-element-button\" download aria-describedby=\"wp-block-file--media-ff6f0d4b-278c-4aa5-ae79-fb94608e891a\">T\u00e9l\u00e9charger<\/a><\/div>\n\n\n\n<figure class=\"wp-block-image size-large is-style-default\"><img loading=\"lazy\" decoding=\"async\" width=\"1024\" height=\"496\" src=\"https:\/\/afdetoccitaniemp.fr\/wp-content\/uploads\/2024\/01\/Capture-me-former-en-occitanie-1024x496.jpg\" alt=\"\" class=\"wp-image-4439\" srcset=\"https:\/\/afdetoccitaniemp.fr\/wp-content\/uploads\/2024\/01\/Capture-me-former-en-occitanie-1024x496.jpg 1024w, https:\/\/afdetoccitaniemp.fr\/wp-content\/uploads\/2024\/01\/Capture-me-former-en-occitanie-300x145.jpg 300w, https:\/\/afdetoccitaniemp.fr\/wp-content\/uploads\/2024\/01\/Capture-me-former-en-occitanie-768x372.jpg 768w, https:\/\/afdetoccitaniemp.fr\/wp-content\/uploads\/2024\/01\/Capture-me-former-en-occitanie-1536x744.jpg 1536w, https:\/\/afdetoccitaniemp.fr\/wp-content\/uploads\/2024\/01\/Capture-me-former-en-occitanie.jpg 1610w\" sizes=\"auto, (max-width: 1024px) 100vw, 1024px\" \/><\/figure>\n<\/div><\/div>\n","protected":false},"excerpt":{"rendered":"<p>Les animateurs m\u00e9tiers de l\u2019AFDET Occitanie Midi-Pyr\u00e9n\u00e9es, des professionnels de l&rsquo;industrie, interviennent \u00e0 la demande des \u00e9tablissements scolaires, en lien avec les \u00e9quipes p\u00e9dagogiques au sein du groupe classe. Leur <a class=\"more-link\" href=\"https:\/\/afdetoccitaniemp.fr\/?page_id=361\">Continue Reading &rarr;<\/a><\/p>\n","protected":false},"author":1,"featured_media":0,"parent":93,"menu_order":1,"comment_status":"closed","ping_status":"closed","template":"","meta":{"footnotes":""},"class_list":["post-361","page","type-page","status-publish","hentry"],"_links":{"self":[{"href":"https:\/\/afdetoccitaniemp.fr\/index.php?rest_route=\/wp\/v2\/pages\/361","targetHints":{"allow":["GET"]}}],"collection":[{"href":"https:\/\/afdetoccitaniemp.fr\/index.php?rest_route=\/wp\/v2\/pages"}],"about":[{"href":"https:\/\/afdetoccitaniemp.fr\/index.php?rest_route=\/wp\/v2\/types\/page"}],"author":[{"embeddable":true,"href":"https:\/\/afdetoccitaniemp.fr\/index.php?rest_route=\/wp\/v2\/users\/1"}],"replies":[{"embeddable":true,"href":"https:\/\/afdetoccitaniemp.fr\/index.php?rest_route=%2Fwp%2Fv2%2Fcomments&post=361"}],"version-history":[{"count":26,"href":"https:\/\/afdetoccitaniemp.fr\/index.php?rest_route=\/wp\/v2\/pages\/361\/revisions"}],"predecessor-version":[{"id":4492,"href":"https:\/\/afdetoccitaniemp.fr\/index.php?rest_route=\/wp\/v2\/pages\/361\/revisions\/4492"}],"up":[{"embeddable":true,"href":"https:\/\/afdetoccitaniemp.fr\/index.php?rest_route=\/wp\/v2\/pages\/93"}],"wp:attachment":[{"href":"https:\/\/afdetoccitaniemp.fr\/index.php?rest_route=%2Fwp%2Fv2%2Fmedia&parent=361"}],"curies":[{"name":"wp","href":"https:\/\/api.w.org\/{rel}","templated":true}]}}